{"id":265,"date":"2018-05-02T16:50:00","date_gmt":"2018-05-02T16:50:00","guid":{"rendered":"http:\/\/www.reduc.edu.cu\/cecee\/?page_id=265"},"modified":"2018-05-02T16:50:00","modified_gmt":"2018-05-02T16:50:00","slug":"quienes-somos","status":"publish","type":"page","link":"https:\/\/www.reduc.edu.cu\/cecee\/quienes-somos\/","title":{"rendered":"\u00bfQui\u00e9nes somos?"},"content":{"rendered":"<p>El Centro de Estudios para la Calidad Educacional y Empresarial (CECEE), actualmente subordinado a la Vicerrector\u00eda de Investigaci\u00f3n y Postgrado, forma parte de la estructura docente y de investigaci\u00f3n de la Universidad de Camag\u00fcey \u201cIgnacio Agramonte Loynaz\u201d (UC).<\/p>\n<p>Tiene como misi\u00f3n: Satisfacer necesidades relacionadas con la calidad en la formaci\u00f3n de la Educaci\u00f3n Superior en la Universidad de Camag\u00fcey \u201cIgnacio Agramonte Loynaz\u201d, mediante la implementaci\u00f3n de acciones de mejora que se derivan de los procesos de evaluaci\u00f3n de impactos, en lo personal, lo organizacional y lo social, de igual forma satisfacer necesidades de evaluaci\u00f3n de los impactos sociales en los procesos y resultados de la producci\u00f3n y los servicios en las empresas.<\/p>\n<p>Visi\u00f3n:<\/p>\n<p>\u201cSomos un centro de estudios de referencia territorial, nacional e internacional en la gesti\u00f3n de la calidad de la universidad y de las empresas cubanas\u201d.<\/p>\n<p>La plantilla est\u00e1 conformada por once profesionales a tiempo completo y colaboradores a tiempo parcial, dedicados a los estudios para la calidad educacional y empresarial en el contexto y alcance de la instituci\u00f3n.<\/p>\n<p>Su g\u00e9nesis est\u00e1 marcada por la creaci\u00f3n de un grupo multidisciplinario en el 2004 para monitorear la implementaci\u00f3n de las transformaciones en la Secundaria B\u00e1sica, conform\u00e1ndose, posteriormente, el grupo provincial de evaluaci\u00f3n de la calidad de la educaci\u00f3n, que operaba mediante investigaciones de las diferentes educaciones y asignaturas priorizadas en el \u00e1mbito escolar.<\/p>\n<p>Los resultados iniciales derivaron de m\u00faltiples proyectos de investigaci\u00f3n de alcance nacional encaminados a elevar la calidad en la direcci\u00f3n del proceso docente- educativo, bajo la direcci\u00f3n del Instituto Central de Ciencias Pedag\u00f3gicas.<\/p>\n<p>El volumen y la significaci\u00f3n de las investigaciones realizadas y los resultados obtenidos conllevaron a la creaci\u00f3n del Centro de Estudios para la Evaluaci\u00f3n de la Calidad Educacional en el 2012 por decisi\u00f3n del MINED.<\/p>\n<p>En los inicios de este periodo, centr\u00f3 las investigaciones en la evaluaci\u00f3n de la calidad en el contexto universitario, profundizando en los factores que lastran el alcance de los objetivos proyectados en las estrategias de aprendizaje, objeto que fue ampliado hacia la formaci\u00f3n inicial y permanente de los profesionales, en relaci\u00f3n con los procesos sustantivos de la educaci\u00f3n superior.<\/p>\n<p>La integraci\u00f3n de las universidades (2014), asign\u00f3 al Centro de estudios una nueva responsabilidad: profundizar en el proceso de evaluaci\u00f3n de la calidad, tanto en el sector educacional como empresarial.<\/p>\n<table width=\"699\">\n<tbody>\n<tr>\n<td width=\"68\"><strong>No.<\/strong><\/td>\n<td width=\"341\"><strong>Miembros<\/strong><\/td>\n<td width=\"282\"><strong>Responsabilidad <\/strong><\/td>\n<\/tr>\n<tr>\n<td width=\"68\">1<\/td>\n<td width=\"341\"><a href=\"http:\/\/cecee.reduc.edu.cu\/?page_id=236\">Dr. C. Erenia de la Caridad Mart\u00ednez Escoda<\/a><\/td>\n<td width=\"282\">Directora<\/td>\n<\/tr>\n<tr>\n<td width=\"68\">2<\/td>\n<td width=\"341\"><a href=\"http:\/\/cecee.reduc.edu.cu\/?page_id=231\">MSc. Javier L\u00f3pez Fern\u00e1ndez<\/a><\/td>\n<td width=\"282\">Profesor investigador<\/td>\n<\/tr>\n<tr>\n<td width=\"68\">3<\/td>\n<td width=\"341\"><a href=\"http:\/\/cecee.reduc.edu.cu\/?page_id=239\">MSc. Belkis Yaisy Zulueta Morciego<\/a><\/td>\n<td width=\"282\">Profesor investigador<\/td>\n<\/tr>\n<tr>\n<td width=\"68\">4<\/td>\n<td width=\"341\"><a href=\"http:\/\/cecee.reduc.edu.cu\/?page_id=247\">Dr. C. Gerardo Quintero Pupo.<\/a><\/td>\n<td width=\"282\">Profesor investigador<\/td>\n<\/tr>\n<tr>\n<td width=\"68\">5<\/td>\n<td width=\"341\"><a href=\"http:\/\/cecee.reduc.edu.cu\/?page_id=263\">Ing. Michael Rodr\u00edguez \u00c1lvarez<\/a><\/td>\n<td width=\"282\">Especialista en inform\u00e1tica<\/td>\n<\/tr>\n<tr>\n<td width=\"68\">6<\/td>\n<td width=\"341\"><a href=\"http:\/\/cecee.reduc.edu.cu\/?page_id=250\">Dr. C. Pedro Pino Est\u00e9vez<\/a><\/td>\n<td width=\"282\">Profesor investigador<\/td>\n<\/tr>\n<tr>\n<td width=\"68\">7<\/td>\n<td width=\"341\"><a href=\"http:\/\/cecee.reduc.edu.cu\/?page_id=253\">MSc. Maritza Garlobo Figueredo<\/a><\/td>\n<td width=\"282\">Profesor investigador<\/td>\n<\/tr>\n<tr>\n<td width=\"68\">8<\/td>\n<td width=\"341\"><a href=\"http:\/\/cecee.reduc.edu.cu\/?page_id=256\">MSc. Rub\u00e9n Cruzata Santos<\/a><\/td>\n<td width=\"282\">Profesor investigador<\/td>\n<\/tr>\n<tr>\n<td width=\"68\">9<\/td>\n<td width=\"341\"><a href=\"http:\/\/cecee.reduc.edu.cu\/?page_id=259\">Dr. C. Juan Carlos \u00c1lvarez Yero.<\/a><\/td>\n<td width=\"282\">Profesor investigador<\/td>\n<\/tr>\n<tr>\n<td width=\"68\">10<\/td>\n<td width=\"341\"><a href=\"http:\/\/cecee.reduc.edu.cu\/?page_id=459\">Dr C. Elizabet de Armas Hing<\/a><\/td>\n<td width=\"282\">Colaborador<\/td>\n<\/tr>\n<tr>\n<td width=\"68\">11<\/td>\n<td width=\"341\">MSc. Oscar Salustio Marrero<\/td>\n<td width=\"282\">Colaborador<\/td>\n<\/tr>\n<tr>\n<td width=\"68\">12<\/td>\n<td width=\"341\">Dr. C. Wilfredo Pozas Prirto<\/td>\n<td width=\"282\">Colaborador<\/td>\n<\/tr>\n<tr>\n<td width=\"68\">13<\/td>\n<td width=\"341\">Dr. C.\u00a0 Jorge Garc\u00eda Bat\u00e1n<\/td>\n<td width=\"282\">Colaboradora<\/td>\n<\/tr>\n<tr>\n<td width=\"68\">14<\/td>\n<td width=\"341\">Dr. C. Pablo \u00c1ngel Galindo Llanes<\/td>\n<td width=\"282\">Colaborador<\/td>\n<\/tr>\n<tr>\n<td width=\"68\">15<\/td>\n<td width=\"341\">Dr. C. Eduardo Cueto Ible<\/td>\n<td width=\"282\">Colaborador<\/td>\n<\/tr>\n<tr>\n<td width=\"68\">16<\/td>\n<td width=\"341\">Dr. C. Ferm\u00edn Hurtado Curbelo<\/td>\n<td width=\"282\">Colaborador<\/td>\n<\/tr>\n<tr>\n<td width=\"68\">17<\/td>\n<td width=\"341\">MSc. Mercedes Borroto Lazarte<\/td>\n<td width=\"282\">Colaboradora<\/td>\n<\/tr>\n<tr>\n<td width=\"68\">18<\/td>\n<td width=\"341\">Dr. C. Rolando M\u00e1rquez Lizaso<\/td>\n<td width=\"282\">Colaborador<\/td>\n<\/tr>\n<tr>\n<td width=\"68\">19<\/td>\n<td width=\"341\">Dr. C Isnel Ben\u00edtez Cort\u00e9s<\/td>\n<td width=\"282\">Colaborador<\/td>\n<\/tr>\n<tr>\n<td width=\"68\">20<\/td>\n<td width=\"341\">Dr. C Mar\u00eda Caridad Juli\u00e1n<\/td>\n<td width=\"282\">Colaborador<\/td>\n<\/tr>\n<tr>\n<td width=\"68\">21<\/td>\n<td width=\"341\">Dr.C. Alicia Rodr\u00edguez Gregorich<\/td>\n<td width=\"282\">Colaborador<\/td>\n<\/tr>\n<\/tbody>\n<\/table>\n<p>&nbsp;<\/p>\n","protected":false},"excerpt":{"rendered":"<p>El Centro de Estudios para la Calidad Educacional y Empresarial (CECEE), actualmente subordinado a la Vicerrector\u00eda de Investigaci\u00f3n y Postgrado, [&hellip;]<\/p>\n","protected":false},"author":12,"featured_media":281,"parent":0,"menu_order":0,"comment_status":"closed","ping_status":"closed","template":"","meta":{"footnotes":""},"class_list":["post-265","page","type-page","status-publish","has-post-thumbnail","hentry"],"_links":{"self":[{"href":"https:\/\/www.reduc.edu.cu\/cecee\/wp-json\/wp\/v2\/pages\/265","targetHints":{"allow":["GET"]}}],"collection":[{"href":"https:\/\/www.reduc.edu.cu\/cecee\/wp-json\/wp\/v2\/pages"}],"about":[{"href":"https:\/\/www.reduc.edu.cu\/cecee\/wp-json\/wp\/v2\/types\/page"}],"author":[{"embeddable":true,"href":"https:\/\/www.reduc.edu.cu\/cecee\/wp-json\/wp\/v2\/users\/12"}],"replies":[{"embeddable":true,"href":"https:\/\/www.reduc.edu.cu\/cecee\/wp-json\/wp\/v2\/comments?post=265"}],"version-history":[{"count":1,"href":"https:\/\/www.reduc.edu.cu\/cecee\/wp-json\/wp\/v2\/pages\/265\/revisions"}],"predecessor-version":[{"id":282,"href":"https:\/\/www.reduc.edu.cu\/cecee\/wp-json\/wp\/v2\/pages\/265\/revisions\/282"}],"wp:featuredmedia":[{"embeddable":true,"href":"https:\/\/www.reduc.edu.cu\/cecee\/wp-json\/wp\/v2\/media\/281"}],"wp:attachment":[{"href":"https:\/\/www.reduc.edu.cu\/cecee\/wp-json\/wp\/v2\/media?parent=265"}],"curies":[{"name":"wp","href":"https:\/\/api.w.org\/{rel}","templated":true}]}}