{"id":543,"date":"2018-10-18T14:50:24","date_gmt":"2018-10-18T14:50:24","guid":{"rendered":"http:\/\/www.reduc.edu.cu\/cecee\/?page_id=543"},"modified":"2018-10-18T15:48:04","modified_gmt":"2018-10-18T15:48:04","slug":"descargar-boletin","status":"publish","type":"page","link":"https:\/\/www.reduc.edu.cu\/cecee\/descargar-boletin\/","title":{"rendered":"Descargar bolet\u00edn"},"content":{"rendered":"<table class=\"alignleft\" style=\"height: 193px;width: 67.217%;border-collapse: collapse\" border=\"0\">\n<tbody>\n<tr>\n<td style=\"width: 50%;vertical-align: top\" colspan=\"2\"><span style=\"font-size: 18pt\">En esta p\u00e1gina Ud puede acceder a todos los boletines.<\/span><\/td>\n<\/tr>\n<tr>\n<td style=\"width: 50%;vertical-align: top\"><strong><span style=\"font-size: 14pt\">Bolet\u00edn Cualidades # 1<\/span><\/strong><\/p>\n<p>En este Bolet\u00edn que sali\u00f3 en el 1er semestre del 2015 se tratan los siguientes temas entre otros:<\/p>\n<ul>\n<li>Rese\u00f1a del surgimiento y desarrollo del Centro de Estudios.<\/li>\n<li>Se debate sobre las regularidades en el proceso de formaci\u00f3n continua en la Universidad de Camag\u00fcey.<\/li>\n<li>Se realiza un acercamiento al universo empresarial no estatal.<\/li>\n<\/ul>\n<p>Para acceder al mismo solo de clic encima de la imagen del bolet\u00edn.<\/p>\n<p><a href=\"http:\/\/www.reduc.edu.cu\/cecee\/wp-content\/uploads\/sites\/12\/2018\/03\/Boletin-Vol-1-2015-CECEE.pdf\" target=\"_blank\" rel=\"noopener\"><img decoding=\"async\" class=\"aligncenter wp-image-58 size-thumbnail\" src=\"http:\/\/www.reduc.edu.cu\/cecee\/wp-content\/uploads\/sites\/12\/2018\/03\/cualidades1-150x150.png\" alt=\"\" width=\"150\" height=\"150\" srcset=\"https:\/\/www.reduc.edu.cu\/cecee\/wp-content\/uploads\/sites\/12\/2018\/03\/cualidades1-150x150.png 150w, https:\/\/www.reduc.edu.cu\/cecee\/wp-content\/uploads\/sites\/12\/2018\/03\/cualidades1-100x100.png 100w\" sizes=\"(max-width: 150px) 100vw, 150px\" \/><\/a><\/td>\n<td style=\"width: 76.6596%;vertical-align: top\"><strong><span style=\"font-size: 14pt\">Bolet\u00edn Cualidades # 2<\/span><\/strong><\/p>\n<p>En este Bolet\u00edn que sali\u00f3 en el 2do semestre del 2015 se tratan los siguientes temas entre otros:<\/p>\n<ul>\n<li>Evaluaci\u00f3n institucional y calidad en la educaci\u00f3n.<\/li>\n<li>Apuntes para la pertinencia del Patr\u00f3n de calidad en la carrera universitaria.<\/li>\n<li>La evaluaci\u00f3n del impacto social en diferentes temas.<\/li>\n<\/ul>\n<p>Para acceder al mismo solo de clic encima de la imagen del bolet\u00edn.<\/p>\n<p>&nbsp;<\/p>\n<p><a href=\"http:\/\/www.reduc.edu.cu\/cecee\/wp-content\/uploads\/sites\/12\/2018\/10\/Bolet\u00edn-Cualidades-2-Final.pdf\" target=\"_blank\" rel=\"noopener\"><img decoding=\"async\" class=\"aligncenter wp-image-549 size-thumbnail\" src=\"http:\/\/www.reduc.edu.cu\/cecee\/wp-content\/uploads\/sites\/12\/2018\/10\/img-cualidades-150x150.jpg\" alt=\"\" width=\"150\" height=\"150\" \/><\/a><\/td>\n<\/tr>\n<\/tbody>\n<\/table>\n","protected":false},"excerpt":{"rendered":"<p>En esta p\u00e1gina Ud puede acceder a todos los boletines. Bolet\u00edn Cualidades # 1 En este Bolet\u00edn que sali\u00f3 en [&hellip;]<\/p>\n","protected":false},"author":12,"featured_media":0,"parent":0,"menu_order":0,"comment_status":"closed","ping_status":"closed","template":"","meta":{"footnotes":""},"class_list":["post-543","page","type-page","status-publish","hentry"],"_links":{"self":[{"href":"https:\/\/www.reduc.edu.cu\/cecee\/wp-json\/wp\/v2\/pages\/543","targetHints":{"allow":["GET"]}}],"collection":[{"href":"https:\/\/www.reduc.edu.cu\/cecee\/wp-json\/wp\/v2\/pages"}],"about":[{"href":"https:\/\/www.reduc.edu.cu\/cecee\/wp-json\/wp\/v2\/types\/page"}],"author":[{"embeddable":true,"href":"https:\/\/www.reduc.edu.cu\/cecee\/wp-json\/wp\/v2\/users\/12"}],"replies":[{"embeddable":true,"href":"https:\/\/www.reduc.edu.cu\/cecee\/wp-json\/wp\/v2\/comments?post=543"}],"version-history":[{"count":8,"href":"https:\/\/www.reduc.edu.cu\/cecee\/wp-json\/wp\/v2\/pages\/543\/revisions"}],"predecessor-version":[{"id":555,"href":"https:\/\/www.reduc.edu.cu\/cecee\/wp-json\/wp\/v2\/pages\/543\/revisions\/555"}],"wp:attachment":[{"href":"https:\/\/www.reduc.edu.cu\/cecee\/wp-json\/wp\/v2\/media?parent=543"}],"curies":[{"name":"wp","href":"https:\/\/api.w.org\/{rel}","templated":true}]}}